{"id":139,"date":"2020-04-18T02:12:41","date_gmt":"2020-04-18T02:12:41","guid":{"rendered":"http:\/\/espritcam.pt\/?page_id=139"},"modified":"2020-10-06T11:58:19","modified_gmt":"2020-10-06T11:58:19","slug":"inicio","status":"publish","type":"page","link":"https:\/\/espritcam.pt\/","title":{"rendered":"In\u00edcio"},"content":{"rendered":"<div class=\"\" style=\"\" >\n    \n    <section class=\"skrollable skrollable-between u-align-center u-clearfix u-image u-parallax u-shading u-section-2\" src=\"\" id=\"sec-5cc3\" data-image-width=\"1600\" data-image-height=\"821\">\n      <div class=\"u-clearfix u-sheet u-sheet-1\">\n        <img src=\"https:\/\/espritcam.pt\/wp-content\/uploads\/2020\/04\/digital_real_2.gif\" alt=\"\" class=\"u-image u-image-default u-image-1\" data-image-width=\"800\" data-image-height=\"256\">\n        <div class=\"u-clearfix u-expanded-width u-layout-wrap u-layout-wrap-1\">\n          <div class=\"u-layout\">\n            <div class=\"u-layout-row\">\n              <div class=\"u-align-center u-container-style u-layout-cell u-left-cell u-size-20 u-layout-cell-1\">\n                <div class=\"u-container-layout u-valign-middle u-container-layout-1\">\n                  <p class=\"u-text u-text-default u-text-1\" data-animation-name=\"slideIn\" data-animation-duration=\"1000\" data-animation-delay=\"0\" data-animation-direction=\"Down\">\n                    <a href=\"#prog_gemeo\">Programa\u00e7\u00e3o em G\u00e9meo Digital<\/a>\n                  <\/p>\n                <\/div>\n              <\/div>\n              <div class=\"u-align-center u-container-style u-layout-cell u-size-20 u-layout-cell-2\">\n                <div class=\"u-container-layout u-valign-middle u-container-layout-2\">\n                  <p class=\"u-text u-text-default u-text-2\" data-animation-name=\"flipIn\" data-animation-duration=\"1000\" data-animation-delay=\"0\" data-animation-direction=\"X\">\n                    <a href=\"#codigo\">Produ\u00e7\u00e3o de c\u00f3digo para a m\u00e1quina<\/a>\n                  <\/p>\n                <\/div>\n              <\/div>\n              <div class=\"u-container-style u-layout-cell u-right-cell u-size-20 u-layout-cell-3\">\n                <div class=\"u-container-layout u-container-layout-3\">\n                  <p class=\"u-text u-text-default u-text-3\">\n                    <a href=\"#executar_prog\">Execu\u00e7\u00e3o do programa conforme o programado<\/a>\n                  <\/p>\n                <\/div>\n              <\/div>\n            <\/div>\n          <\/div>\n        <\/div>\n      <\/div>\n    <\/section>\n    <section class=\"u-clearfix u-section-3\" id=\"sec-8cc5\">\n      <div class=\"u-clearfix u-sheet u-sheet-1\">\n        <div class=\"u-clearfix u-expanded-width u-layout-wrap u-layout-wrap-1\">\n          <div class=\"u-layout\">\n            <div class=\"u-layout-row\">\n              <div class=\"u-container-style u-layout-cell u-left-cell u-size-20 u-layout-cell-1\">\n                <div class=\"u-container-layout u-valign-top u-container-layout-1\">\n                  <img src=\"https:\/\/espritcam.pt\/wp-content\/uploads\/2020\/04\/SMC-Promo-red.png\" alt=\"\" class=\"u-image u-image-default u-image-1\" data-image-width=\"608\" data-image-height=\"200\" data-animation-name=\"flipIn\" data-animation-duration=\"1000\" data-animation-delay=\"0\" data-animation-direction=\"X\" data-href=\"https:\/\/espritcam.pt\/?page_id=201\" title=\"SMC_Forward\">\n                <\/div>\n              <\/div>\n              <div class=\"u-align-center u-container-style u-layout-cell u-size-20 u-layout-cell-2\">\n                <div class=\"u-container-layout u-valign-middle u-container-layout-2\">\n                  <img class=\"u-expand-resize u-image u-image-2\" src=\"https:\/\/espritcam.pt\/wp-content\/uploads\/2020\/10\/Swiss-hero_0.jpg\" data-href=\"https:\/\/espritcam.pt\/?page_id=392\">\n                  <p class=\"u-text u-text-body-alt-color u-text-default u-text-1\">Reveja o webinar de torneamento sui\u00e7o e conhe\u00e7a as solu\u00e7\u00f5es Esprit para a sua m\u00e1quina<\/p>\n                <\/div>\n              <\/div>\n              <div class=\"u-align-center u-container-style u-layout-cell u-right-cell u-size-20 u-layout-cell-3\">\n                <div class=\"u-container-layout u-container-layout-3\">\n                  <img src=\"https:\/\/espritcam.pt\/wp-content\/uploads\/2020\/04\/trial.gif\" alt=\"\" class=\"u-image u-image-default u-image-3\" data-image-width=\"533\" data-image-height=\"300\" data-animation-name=\"pulse\" data-animation-duration=\"1000\" data-animation-delay=\"0\" data-animation-direction=\"\" data-href=\"https:\/\/espritcam.pt\/?page_id=269\">\n                <\/div>\n              <\/div>\n            <\/div>\n          <\/div>\n        <\/div>\n      <\/div>\n    <\/section>\n    <section class=\"u-clearfix u-section-4\" id=\"prog_gemeo\">\n      <div class=\"u-clearfix u-sheet u-sheet-1\">\n        <h3 class=\"u-text u-text-body-alt-color u-text-default u-text-1\">Programa\u00e7\u00e3o em G\u00e9meo Digital<\/h3>\n        <p class=\"u-text u-text-body-alt-color u-text-default u-text-2\">Em Esprit, definimos o trabalho com o detalhe que queremos. A m\u00e1quina, a sua cinem\u00e1tica, os limites de curso, cones, suportes, prensas...<br>Teremos confian\u00e7a total na simula\u00e7\u00e3o para detectar problemas ou optimizar os movimentos\n        <\/p>\n      <\/div>\n    <\/section>\n    <section class=\"u-clearfix u-section-5\" id=\"codigo\">\n      <div class=\"u-clearfix u-sheet u-sheet-1\">\n        <h3 class=\"u-text u-text-body-alt-color u-text-default u-text-1\">Produ\u00e7\u00e3o de c\u00f3digo para a m\u00e1quina<\/h3>\n        <p class=\"u-text u-text-body-alt-color u-text-default u-text-2\">Com a programa\u00e7\u00e3o num g\u00e9meo digital, o programa gerado dever\u00e1 passar directamente para m\u00e1quina. Editar programas antes de passar \u00e0 m\u00e1quina \u00e9 perda de tempo, pode originar erros e \u00e9 desnecess\u00e1rio, em nossa opini\u00e3o.<\/p>\n      <\/div>\n    <\/section>\n    <section class=\"u-clearfix u-section-6\" id=\"executar_prog\">\n      <div class=\"u-clearfix u-sheet u-sheet-1\">\n        <h3 class=\"u-text u-text-body-alt-color u-text-default u-text-1\">Execu\u00e7\u00e3o do programa<\/h3>\n        <p class=\"u-text u-text-body-alt-color u-text-default u-text-2\">As verifica\u00e7\u00f5es est\u00e3o feitas. A programa\u00e7\u00e3o levou em linha de conta os limites, posi\u00e7\u00f5es, orienta\u00e7\u00f5es, toda a estrutura f\u00edsica e o programa foi gerado com um p\u00f3s-processador testado e muitas vezes certificado pelo fabricante da m\u00e1quina. Resta executar!<\/p>\n        <a href=\"https:\/\/espritcam.pt\/?page_id=138\" class=\"u-border-2 u-border-white u-btn u-btn-rectangle u-button-style u-none u-text-body-alt-color u-btn-1\">Saiba mais...<\/a>\n      <\/div>\n    <\/section>\n    <section class=\"u-align-left u-clearfix u-section-7\" id=\"sec-a858\">\n      <div class=\"u-clearfix u-sheet u-valign-middle u-sheet-1\">\n        <p class=\"u-text u-text-body-alt-color u-text-default u-text-1\">Esprit \u00e9 um produto CAM completo, que abrange as \u00e1reas de fresagem, torneamento e eros\u00e3o por fio.<br>Esprit importa modelos nativos e formatos neutros, permitindo trabalhar directamente sobre o modelo 3D ou alternativamente, com uma base em&nbsp;2D.&nbsp;<br>Da pe\u00e7a desenhada at\u00e9 ao produto maquinado, Esprit contempla todas as fases: fixa\u00e7\u00f5es e cinem\u00e1tica da m\u00e1quina at\u00e9 ao p\u00f3s-processador que gera o c\u00f3digo a executar pelo comando.<br>Esprit permite melhorar substancialmente o fluxo de produ\u00e7\u00e3o, reduzindo tempo de programa\u00e7\u00e3o ao re-utilizar opera\u00e7\u00f5es que se adaptam \u00e0s formas \u00fanicas de cada pe\u00e7a ou automaticamente adaptando a maquina\u00e7\u00e3o a mudan\u00e7as de geometria\/novas variantes.<br>\n        <\/p>\n        <a href=\"https:\/\/espritcam.pt\/wp-content\/uploads\/2020\/04\/ESPRIT_Overview_brochure_A4_pt_web-1.pdf\" class=\"u-border-2 u-border-white u-btn u-btn-rectangle u-button-style u-none u-btn-1\" target=\"_blank\">Apresenta\u00e7\u00e3o Geral<\/a>\n      <\/div>\n    <\/section>\n    \n    \n  \n<\/div>","protected":false},"excerpt":{"rendered":"<p>Programa\u00e7\u00e3o em G\u00e9meo Digital Produ\u00e7\u00e3o de c\u00f3digo para a m\u00e1quina Execu\u00e7\u00e3o do programa conforme o programado Reveja o webinar de torneamento sui\u00e7o e conhe\u00e7a as solu\u00e7\u00f5es Esprit para a sua m\u00e1quina Programa\u00e7\u00e3o em G\u00e9meo Digital Em Esprit, definimos o trabalho com o detalhe que queremos. A m\u00e1quina, a sua cinem\u00e1tica, os limites de curso, cones, &hellip; <a href=\"https:\/\/espritcam.pt\/\" class=\"more-link\">Continue reading<span class=\"screen-reader-text\"> &#8220;In\u00edcio&#8221;<\/span><\/a><\/p>\n","protected":false},"author":1,"featured_media":0,"parent":0,"menu_order":2,"comment_status":"closed","ping_status":"closed","template":"","meta":[],"categories":[],"tags":[],"_links":{"self":[{"href":"https:\/\/espritcam.pt\/index.php?rest_route=\/wp\/v2\/pages\/139"}],"collection":[{"href":"https:\/\/espritcam.pt\/index.php?rest_route=\/wp\/v2\/pages"}],"about":[{"href":"https:\/\/espritcam.pt\/index.php?rest_route=\/wp\/v2\/types\/page"}],"author":[{"embeddable":true,"href":"https:\/\/espritcam.pt\/index.php?rest_route=\/wp\/v2\/users\/1"}],"replies":[{"embeddable":true,"href":"https:\/\/espritcam.pt\/index.php?rest_route=%2Fwp%2Fv2%2Fcomments&post=139"}],"version-history":[{"count":28,"href":"https:\/\/espritcam.pt\/index.php?rest_route=\/wp\/v2\/pages\/139\/revisions"}],"predecessor-version":[{"id":398,"href":"https:\/\/espritcam.pt\/index.php?rest_route=\/wp\/v2\/pages\/139\/revisions\/398"}],"wp:attachment":[{"href":"https:\/\/espritcam.pt\/index.php?rest_route=%2Fwp%2Fv2%2Fmedia&parent=139"}],"wp:term":[{"taxonomy":"category","embeddable":true,"href":"https:\/\/espritcam.pt\/index.php?rest_route=%2Fwp%2Fv2%2Fcategories&post=139"},{"taxonomy":"post_tag","embeddable":true,"href":"https:\/\/espritcam.pt\/index.php?rest_route=%2Fwp%2Fv2%2Ftags&post=139"}],"curies":[{"name":"wp","href":"https:\/\/api.w.org\/{rel}","templated":true}]}}